x?
19, 1123
Let l = -1456 + 1492. Let y(u) = u + 2. Let a be y(-2). Suppose a = -c + 3*c - l. List the prime factors of c.
2, 3
Suppose 3*u + u = 4, -5*d - 26 = 4*u. List the prime factors of 562*(5 + 27/d).
281
Let t(r) = 1197*r - 1755. List the prime factors of t(29).
2, 3, 1831
Let o = 643 - -240. Suppose -37*z + v - 3538 = -41*z, v - o = -z. What are the prime factors of z?
3, 5, 59
Suppose 4*l = 5*f - 162, -5*f + 6*f = 5*l + 24. Suppose -f*a + 6848 = -18*a. List the prime factors of a.
2, 107
Let b be ((-3)/2)/((-6)/904). Suppose -u - b = h, h - 29 = -2*u - 255. What are the prime factors of -3 - 0 - (2 + h)/2?
109
Let h be -3*(7/(-3) - -1). Suppose 3*s - 23 = 2*f + 39, 52 = 2*s + h*f. List the prime factors of s.
2, 11
Let i(y) = -y**2 - 42*y - 170. Let w be i(-16). Let l be (-2)/(-9) - 48/(-27). Suppose l*x = -x + w. What are the prime factors of x?
2, 41
Let d = 10 + -13. Let y be -4 - 2*(-1 - -2). What are the prime factors of (-98)/4*d + (-9)/y?
3, 5
Suppose -10*c + 7 = h - 13*c, -h - 5*c + 31 = 0. Suppose -8036 = -h*n + 9*n. List the prime factors of n.
2, 7, 41
Let u(x) = -32*x + 114. Let b be u(10). Let s = b - -362. List the prime factors of s.
2, 3, 13
Let n(o) = 22*o**2 - 63*o + 721. List the prime factors of n(31).
2, 5, 11, 181
Suppose 11251 = 4*j + a, -4*j + 5*a = -6586 - 4695. List the prime factors of j.
2, 3, 7, 67
Let t(d) = -7*d + 30. Let q be 92/20 - 9/15. Let y be t(q). List the prime factors of (1/6*y)/(15/5445).
11
Let v(f) = 160*f + 6. Suppose -133*h + 135*h + 8 = 0. Let i(n) = 160*n + 6. Let q(k) = h*i(k) + 3*v(k). What are the prime factors of q(-1)?
2, 7, 11
Suppose 3*u + 231 = k - 311, k - 178 = u. What are the prime factors of u/21*10*(-9)/4?
3, 5, 13
Suppose -87*p + 2483796 + 1080806 = -949045. List the prime factors of p.
29, 1789
Suppose 723 - 2307 = -8*i. Let p be ((-7)/14)/((-3)/i). Let x = 38 - p. List the prime factors of x.
5
Let t(f) = 263*f**2 - 26*f + 140. What are the prime factors of t(7)?
5, 7, 367
Let n = 5604 + 579. List the prime factors of n.
3, 229
Suppose 17 + 43 = 12*k. Suppose 138 = -v + k*y, -3*v - 536 = 5*y - 122. Let p = v + 195. What are the prime factors of p?
3, 19
Let w be -4*((-1)/2)/1. Suppose w*t + 4*f = 28, 100 = t + 3*t - 3*f. What are the prime factors of t?
2, 11
Let h(s) = s**3 - 7*s**2 + 5*s + 1. Let o be h(1). Let b be 1/1 + (-932 - 1). What are the prime factors of (-16)/(-72) + o + b/(-18)?
2, 13
Let i be ((-135)/(-6) - -2) + (-1)/2. Suppose 0 = -33*f + 29*f - i. Let t(y) = 2*y**2 - 10*y - 57. List the prime factors of t(f).
3, 5
Suppose 30 = -b + 274. Let g be (-2)/6 - (-1272)/9. Let a = b - g. List the prime factors of a.
103
Let v(d) = -6*d - 110. Let s be v(-19). Suppose 0 = -s*h + 4*f + 732, -6*f + 5*f - 726 = -4*h. List the prime factors of h.
181
Let k be (-3)/(-2) - 33/(-2). Let m = -1398 - -1521. Let s = m + k. List the prime factors of s.
3, 47
Let v(j) = j**3 - j**2 - j + 1. Let m be v(-1). Suppose -2*x + 4 = -m*x. Suppose -x*l = -5*p - 105, 2*l + p = -2*p + 113. List the prime factors of l.
5, 11
Suppose -2*a - 86920 = -4*k + 6106, -2*k = 5*a - 46471. What are the prime factors of k?
3, 23, 337
Let l(m) = -4000*m - 10002. List the prime factors of l(-13).
2, 11, 23, 83
Suppose w - 2*n = 3*w - 870, 2*n - 1309 = -3*w. Let r = -95 + w. List the prime factors of r.
2, 43
Let c = -254 - -248. List the prime factors of (-3)/((-6)/20) + c + 3.
7
Let t(r) = -r**3 - 101*r**2 + 218*r + 183. What are the prime factors of t(-108)?
3, 19429
Let v(u) = 37*u - 297. Let j be v(12). Let l be (-4)/5*(-2325)/6. Let y = l - j. List the prime factors of y.
163
Let a(m) = m**3 - 10*m**2 - 8*m + 4. Let g be a(13). Let t = -287 + g. What are the prime factors of t?
2, 3, 5
Suppose 4*v - 135644 = v - 2*p, -90421 = -2*v - 3*p. What are the prime factors of v?
2, 23, 983
Let d(s) be the third derivative of -3*s**4/8 - 7*s**3/2 - 10*s**2. Let c be d(-3). List the prime factors of c*1/2 - 384/(-6).
67
Let h(j) = 205*j**2 - 34*j - 331. List the prime factors of h(-10).
20509
What are the prime factors of (5/(15/53708))/(16/12)?
29, 463
Let j(t) = 1114*t**2 + 1. Suppose -6*i - 28*i - 34 = 0. List the prime factors of j(i).
5, 223
Suppose 5*a = -5*q + 138855, -20680 = -3*a + 3*q + 62597. List the prime factors of a.
3, 5, 617
Suppose 0 = -71*n - 66*n + 3245941. What are the prime factors of n?
19, 29, 43
Suppose 2*y - 4*l - 64 = -6*l, -y + 35 = 2*l. Suppose -y*d + 20*d = -1944. List the prime factors of d.
2, 3
Let l(j) = j**3 - 9*j**2 + 21*j - 1. Let i be l(5). What are the prime factors of ((-8136)/18)/((-10)/i - -2)?
2, 113
Suppose 0 = -8*g + 5*g - 5*s - 43, 4*s + 50 = -5*g. Suppose -7*q + 216 = 17*q. List the prime factors of 132/q*g/(-1).
2, 11
Suppose -14*t + 54 = -11*t. Suppose -8*n = -t*n + 4230. List the prime factors of n.
3, 47
Let c(a) = 261*a - 207. What are the prime factors of c(16)?
3, 7
Suppose 5*a + 1273 = 2*n - 575, 5*a - 3696 = -4*n. List the prime factors of n.
2, 3, 7, 11
Suppose -16*o = -20*o + 120. Let b be (-3)/(9/(-12)) + o + -1. List the prime factors of b/(-2)*(-6)/(-12)*-8.
2, 3, 11
Let a(c) = 59*c**2 + 95*c + 50. What are the prime factors of a(22)?
2, 3, 1279
Suppose -5*c - 20502 = -14*c. Let x = -1352 + c. List the prime factors of x.
2, 463
Let v(h) = -h**3 - 2*h**2 - 9*h. Suppose -14 = -4*p + 10. Let m(k) = -3*k**2 + 18*k - 4. Let j be m(p). What are the prime factors of v(j)?
2, 17
Let d(y) = -41*y - 9. Let q(u) = 0 + 3 + 20*u + 2. Let f(s) = 4*d(s) + 9*q(s). What are the prime factors of f(4)?
73
Let t(k) = -k**2 + 4*k + 18. Let b be t(8). Let g(s) = -59*s. Let h be g(b). Let j = h - 588. List the prime factors of j.
2, 7, 17
Let w be -14 - (3/(-2))/((-8)/(-32)). List the prime factors of 874 + (-4)/w*0.
2, 19, 23
Suppose 5*j + 4*f = -20, 2*j - 5*f - 11 - 14 = 0. Suppose 9 - 86 = -n + 4*k, k = j. List the prime factors of 1 + (n - 0) - 12/(-12).
79
Let z be 6 + (-6 + -212)*-1. What are the prime factors of 3 + z + (-3)/(-3)?
2, 3, 19
Let u(b) = 48*b - 29. Let x be u(7). Let i = x - 231. What are the prime factors of i?
2, 19
Suppose -5*y + 35 = -580. Suppose -1810*w + 1825*w + 1155 = 0. Let i = y + w. List the prime factors of i.
2, 23
Let o(g) = -g**3 - 36*g**2 + 36*g - 44. Let x be o(-37). What are the prime factors of 1*(-9 + 3) - 7385/x?
1049
Let n(r) = 5*r - 72. Let f be n(15). What are the prime factors of (f - (-220)/10) + 1 + -1?
5
Let p(q) = 4*q**3 + 14 - 19*q - 211*q**2 - 3*q**3 + 219*q**2. What are the prime factors of p(-7)?
2, 7
List the prime factors of 17094/22*(-22)/(-6).
7, 11, 37
Suppose 2*t = -4*q + 14004 + 20298, -4*q + 3*t = -34317. What are the prime factors of q?
3, 953
Suppose 0 = -362*j + 4442907 - 940919. What are the prime factors of j?
2, 7, 691
Let h(o) = -2*o**2 - 17*o - 2. Let j be h(-8). Suppose 66*c = 64*c + j. What are the prime factors of 4 + (-9)/c - -52?
53
Let f = -3470 - -5374. Suppose -15*a + f = -11*a. What are the prime factors of a?
2, 7, 17
Suppose 32*z + 6268 = 42268. Let o = z + -401. What are the prime factors of o?
2, 181
Suppose 2*c - c - 178 = -4*a, -5*c - 100 = -2*a. Let l(d) = -18*d**3 + 45*d**3 + 2*d - 1 - 3*d**2 + 19*d**3 + a*d**3. What are the prime factors of l(1)?
89
Let c(j) = -2*j + 8. Let r be c(3). Suppose -5*d - 180 = 4*z, 3*d - 90 = r*z + d. What are the prime factors of -4 + 40/5 - z?
7
Suppose -30*b + 153295 = -290375. What are the prime factors of b?
23, 643
Let w(k) = k**2 + 2*k - 1. Let x be w(-3). Suppose -x*u - 2*u = -600. Let q = u - 48. What are the prime factors of q?
2, 3, 17
Let o = -16476 + 42466. List the prime factors of o.
2, 5, 23, 113
What are the prime factors of (-2666874)/(-235) + (-6)/15?
2, 2837
Let n(i) = 33*i - 161. Let b be n(5). Suppose -b*p + 2*r + 4406 = 0, -3*r + 4317 = 5*p - 1196. What are the prime factors of p?
2, 19, 29
Suppose -d = -5*d - 8. Suppose 1146*g - 1154*g + 64 = 0. What are the prime factors of 4/3 - (d - g/(-6))?
2
Suppose -4*z - 5*w = 61, -5 = z - w - 1. Let k(u) = 18*u + 22. Let y be k(z). Let c = 233 + y. List the prime factors of c.
3, 31
Let f(d) = d**2 - 23*d - 21. Let v be f(24). Suppose -4*q - 118 + 397 = t, -3*t + v*q + 912 = 0. Suppose 2*s - t + 33 = 0. What are the prime factors of s?
7, 19
Let n = 27301 + -12866. List the prime fa